r when 206008 is divided by 13732.
28
Calculate the remainder when 679813 is divided by 679799.
14
Calculate the remainder when 82980 is divided by 4374.
4248
What is the remainder when 722855 is divided by 7915?
2590
What is the remainder when 923532 is divided by 281?
166
Calculate the remainder when 2785644 is divided by 659.
51
Calculate the remainder when 3507249 is divided by 602.
599
Calculate the remainder when 976354 is divided by 1198.
1182
What is the remainder when 206896250 is divided by 11186?
11180
Calculate the remainder when 20170722 is divided by 655.
652
What is the remainder when 18445720 is divided by 23?
19
What is the remainder when 13433349 is divided by 1221213?
6
What is the remainder when 1278507 is divided by 69?
6
What is the remainder when 333913521 is divided by 1054?
1051
What is the remainder when 92328 is divided by 5422?
154
What is the remainder when 662471237 is divided by 2578?
2577
What is the remainder when 426385 is divided by 106455?
565
Calculate the remainder when 58332 is divided by 3446.
3196
What is the remainder when 12257099 is divided by 10?
9
Calculate the remainder when 5656798 is divided by 4806.
136
What is the remainder when 9559770 is divided by 122561?
12
Calculate the remainder when 1102144 is divided by 1120.
64
What is the remainder when 14221143 is divided by 7473?
24
What is the remainder when 7065795 is divided by 25?
20
What is the remainder when 39210 is divided by 7735?
535
What is the remainder when 1312240 is divided by 48600?
40
Calculate the remainder when 18473 is divided by 571.
201
What is the remainder when 3464245 is divided by 897?
31
What is the remainder when 14156 is divided by 4690?
86
What is the remainder when 1776730 is divided by 100?
30
What is the remainder when 739123 is divided by 12515?
738
What is the remainder when 117008733 is divided by 52?
49
Calculate the remainder when 17080182 is divided by 87.
81
Calculate the remainder when 67570 is divided by 494.
386
What is the remainder when 47650 is divided by 2762?
696
What is the remainder when 19495819 is divided by 450?
19
What is the remainder when 77029376 is divided by 32?
0
Calculate the remainder when 6041868 is divided by 4285.
18
What is the remainder when 431366 is divided by 13?
0
Calculate the remainder when 104406505 is divided by 93.
55
What is the remainder when 58768444 is divided by 19589463?
55
Calculate the remainder when 15927622 is divided by 72.
70
Calculate the remainder when 389773 is divided by 6853.
6005
What is the remainder when 9345147 is divided by 4672560?
27
What is the remainder when 416526 is divided by 1433?
956
Calculate the remainder when 1528868 is divided by 34.
24
Calculate the remainder when 51189339 is divided by 599.
596
What is the remainder when 1588673 is divided by 2554?
85
What is the remainder when 54671799 is divided by 216094?
17
What is the remainder when 197086 is divided by 7882?
36
What is the remainder when 29339543 is divided by 254?
3
Calculate the remainder when 16522 is divided by 153.
151
Calculate the remainder when 67222 is divided by 5168.
38
What is the remainder when 58556 is divided by 2070?
596
What is the remainder when 75937 is divided by 43?
42
Calculate the remainder when 84370569 is divided by 1821.
1818
Calculate the remainder when 2497560 is divided by 4306.
80
Calculate the remainder when 1366323 is divided by 234.
231
What is the remainder when 56776 is divided by 1841?
1546
What is the remainder when 243270 is divided by 45?
0
Calculate the remainder when 472390 is divided by 67.
40
What is the remainder when 1127320 is divided by 1038?
52
What is the remainder when 800462 is divided by 119?
68
Calculate the remainder when 234245352 is divided by 78081784.
0
What is the remainder when 9320409 is divided by 90489?
42
Calculate the remainder when 8318 is divided by 2287.
1457
What is the remainder when 172128360 is divided by 9?
3
What is the remainder when 43322 is divided by 10581?
998
What is the remainder when 1638016 is divided by 23399?
86
What is the remainder when 140192 is divided by 27885?
767
Calculate the remainder when 12148 is divided by 114.
64
What is the remainder when 381901 is divided by 76301?
396
Calculate the remainder when 8185623 is divided by 62012.
39
Calculate the remainder when 22172474 is divided by 1760.
1754
Calculate the remainder when 172317 is divided by 333.
156
Calculate the remainder when 2113774 is divided by 2113710.
64
Calculate the remainder when 234048 is divided by 14352.
4416
Calculate the remainder when 13860471 is divided by 596.
491
What is the remainder when 5782811 is divided by 233?
217
What is the remainder when 21944656 is divided by 42?
34
What is the remainder when 22146962 is divided by 168?
26
Calculate the remainder when 22161549 is divided by 357444.
21
What is the remainder when 693274 is divided by 300?
274
Calculate the remainder when 40819699 is divided by 10204904.
83
What is the remainder when 495895 is divided by 11543?
11089
Calculate the remainder when 12275346 is divided by 9.
3
Calculate the remainder when 65676 is divided by 13105.
151
Calculate the remainder when 205485 is divided by 770.
665
What is the remainder when 846985 is divided by 30228?
601
What is the remainder when 1102376 is divided by 493?
28
Calculate the remainder when 24856223 is divided by 3107010.
143
What is the remainder when 373684 is divided by 95?
49
Calculate the remainder when 4579769 is divided by 33.
29
What is the remainder when 1712951 is divided by 128?
55
Calculate the remainder when 3877811 is divided by 64.
51
Calculate the remainder when 718165 is divided by 816.
85
Calculate the remainder when 17006412 is divided by 4155.
4152
What is the remainder when 102962385 is divided by 2114?
15
What is the remainder when 328719 is divided by 2716?
83
What is the remainder when 698757 is divided by 185?
12
Calculate the remainder when 4669 is divided by 2273.
123
What is the remainder when 54396049 is divided by 9883?
17
What is the remainder when 24290110 is divided by 2429009?
20
What is the remainder when 497396 is divided by 118?
26
What is the remainder when 516246 is divided by 24582?
24
Calculate the remainder when 17338119 is divided by 1989.
6
Calculate the remainder when 25467467 is divided by 767.
766
Calculate the remainder when 359188428 is divided by 278873.
4
What is the remainder when 316741 is divided by 520?
61
What is the remainder when 25844 is divided by 22675?
3169
What is the remainder when 68888339 is divided by 7470?
7469
Calculate the remainder when 2485594 is divided by 25.
19
Calculate the remainder when 287079412 is divided by 1097.
1094
Calculate the remainder when 389665 is divided by 1782.
1189
What is the remainder when 60828 is divided by 168?
12
What is the remainder when 7085682 is divided by 36524?
26
Calculate the remainder when 410603 is divided by 1147.
1124
What is the remainder when 2178130 is divided by 115?
30
What is the remainder when 170062 is divided by 216?
70
What is the remainder when 8096729 is divided by 185?
19
What is the remainder when 433099 is divided by 799?
41
What is the remainder when 678914 is divided by 135664?
594
What is the remainder when 1840019 is divided by 783?
752
What is the remainder when 204930 is divided by 4657?
22
Calculate the remainder when 6460490 is divided by 3203.
39
What is the remainder when 2573800 is divided by 72?
16
What is the remainder when 16521151 is divided by 16521150?
1
What is the remainder when 55161 is divided by 5761?
3312
What is the remainder when 384985 is divided by 21285?
1855
What is the remainder when 415383 is divided by 208?
7
What is the remainder when 6319334 is divided by 451380?
14
Calculate the remainder when 2977393 is divided by 992444.
61
Calculate the remainder when 167232 is divided by 12814.
650
Calculate the remainder when 788126327 is divided by 3204.
3203
What is the remainder when 6155465 is divided by 5029?
4998
Calculate the remainder when 105818 is divided by 4783.
592
What is the remainder when 44931367 is divided by 4211?
4208
What is the remainder when 7367693 is divided by 11?
3
What is the remainder when 1238028 is divided by 412639?
111
Calculate the